01)/(-21). Suppose -46*q - 1967 = -l*q. What are the prime factors of q?
281
Let o(h) = h**3 + 20*h**2 + 18*h - 10. Let j be o(-19). Suppose -1662 = j*n - 15*n. What are the prime factors of n?
277
Let t(j) = j**3 + 12*j**2 - 7*j - 6. Let w be t(8). Let q be w/(-77) + (-2)/11. Let m = 26 + q. List the prime factors of m.
2, 5
Suppose 16365 = -8*i + 23*i. List the prime factors of i.
1091
Let z be (3/12)/((-4)/(-16)). List the prime factors of (-69)/(-6)*4*z.
2, 23
Suppose 52*c = 98*c - 2070. List the prime factors of c.
3, 5
Suppose 4*j - c - 241 = 7, 0 = -2*c. List the prime factors of j.
2, 31
Let r(q) = -q + 6. Let o be r(3). Suppose -5*p = -o*p - 86. What are the prime factors of p?
43
Let f(k) = 2*k**2 - 4*k + 3. Let m be f(3). Let n(p) = 5*p**2 + 3. Let b(l) = 11*l**2 - l + 7. Let y(i) = m*n(i) - 4*b(i). What are the prime factors of y(4)?
31
Let j(w) = 4*w**2 - 9*w + 13. Let m be j(4). Suppose -37*t + m*t - 1012 = 0. List the prime factors of t.
11, 23
Suppose 2 - 17 = 5*w. Let a(i) = i**2 + 3*i + 3. Let t be a(w). Suppose 5*b + 0*v + v - 95 = 0, -57 = -t*b - 5*v. What are the prime factors of b?
19
Let x(c) = c + 5. Let n be x(-4). Let q(f) be the third derivative of 5*f**4/24 - 5*f**2 + 2*f. What are the prime factors of q(n)?
5
Suppose -4*z = z + 185. Let l = 44 - z. What are the prime factors of l?
3
Suppose 4*d = -f + 6*f - 183, 2*d + 89 = 3*f. Let j = d + 77. List the prime factors of j.
5
Suppose -309 = -4*t + 3*t. What are the prime factors of t?
3, 103
Suppose -3*p + 0*x = -3*x - 189, -2*x = -3*p + 187. List the prime factors of p.
61
Let a = 271 - 556. List the prime factors of 17/34 + a/(-2).
11, 13
Suppose 2*a = 5*y + 29, 4*a + 3 = -3*y - 4. Let x = 11 - a. What are the prime factors of x?
3
Let b(n) = -n**3 + 5*n**2 + 4*n + 12. What are the prime factors of b(-6)?
2, 3
Suppose -4*d = -5*f + 199, 3*d = -2 - 1. Let w = -11 + -5. Let y = w + f. What are the prime factors of y?
23
Let j be 94/(-18) - 6/(-27). Let w(s) = -s + 25. List the prime factors of w(j).
2, 3, 5
Suppose -5*r - b + 45 = 5, 3*b = 5*r - 40. Let p = r + -4. Suppose -f = p*o - 202, 3*f - 8 + 2 = 0. List the prime factors of o.
2, 5
Suppose f = 2*f + 2*a - 9, -15 = -3*f - 2*a. Suppose -z + 8 = f. Suppose 8 = z*m - 2, -5*n = 2*m - 159. List the prime factors of n.
31
Suppose -3*i = -3*g - 759, -3*i + 7*i = -7*g + 1056. List the prime factors of i.
257
Let s(j) = j**2 + 11*j + 10. Let w be s(-8). Let g = w + 22. Suppose g - 10 = -n. What are the prime factors of n?
2
Suppose -5*t - s - 610 - 691 = 0, 2*t + 518 = 2*s. Let p be (-4)/10 + t/(-25). What are the prime factors of -3*2/(-12)*p?
5
Let l be ((-7)/(-2))/((-2)/(-80)). Suppose 3*k - 3*v - l + 23 = 0, -3*k + 5*v + 127 = 0. Suppose -14 = -4*c + k. What are the prime factors of c?
2, 3
Suppose -5*u + 7*h = 2*h - 3990, 4*u = -2*h + 3174. List the prime factors of u.
3, 5, 53
Suppose 6*v + 0*v - 240 = 0. List the prime factors of (-36 - 2)/((-16)/v).
5, 19
Suppose 9 = -8*c + 25. Suppose 26 = o + c. What are the prime factors of o?
2, 3
Let x(r) = -r - 28. Let u be x(8). Let l = -14 - u. List the prime factors of l.
2, 11
Let t be 524/5 - 6/(-30). List the prime factors of (t/2)/7*(-32)/(-3).
2, 5
Suppose t = -5*h + 43, 3*t - 8 = -h + 9. Let y(m) = -m**3 + 11*m**2 - 9*m + 3. List the prime factors of y(h).
3, 41
Let a be (-2)/(-3) - 168/9. Suppose 2*f + 28 = -4*d + 96, f - 31 = -5*d. Let p = a + f. What are the prime factors of p?
2, 3
Let d(j) = 283*j - 25. List the prime factors of d(5).
2, 5, 139
Let k = 940 + -439. Suppose -k - 262 = -7*i. List the prime factors of i.
109
Suppose 3*k - 41 = -k - 3*u, 3*k + 4*u - 22 = 0. Suppose l - 19 = k. List the prime factors of l.
3, 11
Let m be (-1)/(-4) - (-436)/(-16). Suppose 471 = 7*w + 156. Let l = w + m. What are the prime factors of l?
2, 3
Let r = 47 + 51. List the prime factors of r.
2, 7
Let t be -3 + (-2 - -3) - 4. Let n be (t + (3 - 0))*-1. What are the prime factors of ((-46)/(-6))/(1/n)?
23
Let h(w) = -25*w + 29. Let d be (1/((-3)/(-33)))/(-1). Let z(t) = -5*t + 6. Let b(u) = d*z(u) + 2*h(u). What are the prime factors of b(8)?
2
List the prime factors of 1*647 - (10 + -21 + 16).
2, 3, 107
Let x = -47 - -58. Let p(j) = -j**2 + 12*j - 6. What are the prime factors of p(x)?
5
Let d(s) = -s**3 + 6*s**2 + s - 2. Let w be d(6). Suppose 0 = -5*b + 5*u + 35, 2*u + w = -0*u. Suppose b*l = -l + 36. What are the prime factors of l?
2, 3
Suppose 0 = 76*s - 129*s + 138171. What are the prime factors of s?
3, 11, 79
Suppose -21 - 11 = 8*h. What are the prime factors of (8 + -16)*h/(48/81)?
2, 3
List the prime factors of (34/3)/(14/21)*28.
2, 7, 17
Suppose 0 = 4*c + 2*p - 1514, 2*p + 18 - 8 = 0. List the prime factors of c.
3, 127
Suppose -16 = -4*u + 4*f, -12 = -3*u - f - 2*f. Let k(g) = g**3 + 6*g - 7. What are the prime factors of k(u)?
3
Let y(t) = -9*t + 7. Let k(p) = 8*p - 6. Let l(d) = -6*k(d) - 5*y(d). Let c = 310 + -322. What are the prime factors of l(c)?
37
Let o(n) = 109*n**3 - 2*n + 1. Let q(p) = 110*p**3 - 3*p + 1. Let x(y) = -4*o(y) + 3*q(y). What are the prime factors of x(-1)?
2, 53
List the prime factors of (18389/(-9))/(-7) + 1/9.
2, 73
Let g be (-6)/2*(-28)/42. Suppose 188 = g*d - 240. List the prime factors of d.
2, 107
Suppose -2*w = -3*o - 835, -w + o + 419 - 3 = 0. What are the prime factors of w?
7, 59
Let y = 70 + -49. Let b = 51 - y. List the prime factors of b.
2, 3, 5
Suppose l - 4613 = -3*l + g, -5*l = -g - 5767. What are the prime factors of l?
2, 577
Suppose -7*r + 3402 = 11*r. List the prime factors of r.
3, 7
Let v(o) = -9*o - 3. Suppose 2*h + 13 = -2*r - 1, 4*h + 3*r + 27 = 0. Let l be (h/4)/((-9)/(-12)). List the prime factors of v(l).
3, 5
Let l(o) = o. Let a(c) = -20*c + 6. Let f(g) = -2*a(g) - 20*l(g). Let j be f(7). Let y = j - 65. What are the prime factors of y?
3, 7
Suppose -2*i + 6 = -2. Let y = i + 8. Let t = y + -7. List the prime factors of t.
5
Suppose -19*s + 63*s = 230956. List the prime factors of s.
29, 181
Let i = -2 + 6. Suppose 0 = p + i*p - 55. Let w(j) = j**2 - 6*j - 12. List the prime factors of w(p).
43
Suppose -20 = 4*c, 639 = b - 2*c - 294. What are the prime factors of b?
13, 71
Suppose -3*f = 5*b - 1661, -7*f + 4*f = -b - 1673. What are the prime factors of f?
557
Let y(n) = -n**3 - 5*n**2 - 6*n + 27. What are the prime factors of y(-13)?
31, 47
Suppose c = -11*c - 648. Let d = 107 + c. List the prime factors of d.
53
Let i = -1516 - -2664. What are the prime factors of i/10 - 2/(-10)?
5, 23
Let t(n) = 5*n**2 - 2*n - 1. Let p be t(4). Let f = p - -13. Let x = f + -50. List the prime factors of x.
2, 17
Let c be (1 - 1)*(-1)/3. Suppose -2*g + 0*u + u = -113, 5*g + 2*u - 278 = c. Suppose -y + g + 1 = 0. What are the prime factors of y?
3, 19
Suppose x - 3*x + 5*m + 29 = 0, 2*m + 8 = -x. Suppose -x*h + 2 = -4. Suppose -66 - 21 = -h*z. List the prime factors of z.
29
Let z = 68 + -36. Suppose 0 = -b + 2*b - z. List the prime factors of b.
2
Suppose -5*s - 4*o + 19 = 0, 4*o - 1 = 3. Suppose -4*l = s*k - 283, -175 = -3*l + k + 34. List the prime factors of l.
2, 5, 7
Let t = 3481 + -1665. List the prime factors of t.
2, 227
Suppose a + 4*h = -0*h + 35, a - 29 = 2*h. Let b = 21 - a. Let g = b - -20. List the prime factors of g.
2, 5
Suppose -3*m + 0*m - 9 = -2*z, -3*m = 5*z + 9. Suppose 3*g + 16 + 2 = z. List the prime factors of (-2)/g*273/7.
13
Suppose 0 = 4*t - 4185 + 589. What are the prime factors of t?
29, 31
What are the prime factors of -6 - (-10)/(-25)*-5 - -204?
2, 5
Let s be 14/(-21) - (-38)/3. Suppose 4*b = b + s. Suppose -3*v - 43 = -b*v. List the prime factors of v.
43
Let u be ((-9)/6 + 0)*-38. Suppose -11 = -2*l + u. What are the prime factors of l?
2, 17
Suppose -3 = -24*r + 23*r. Suppose r*f - 5*f = 0. Suppose -4*a + 260 = -f*a. What are the prime factors of a?
5, 13
List the prime factors of ((-3621)/(-4))/((-102)/(-272)).
2, 17, 71
Let d = -35 - -53. Suppose 4*p + 4 = 3*k - 0, 0 = 5*p + 2*k - d. Let o(x) = 3*x + 2. List the prime factors of o(p).
2
Suppose 1640 = 4*q - 4024. What are the prime factors of q/60 + (-4)/(-10)?
2, 3
Suppose 0*c = -s + 2*c + 35, 0 = -s + c + 31. What are the prime factors of s?
3
Suppose -14*c - 525 = -9*c. Let t = c - -131. What are the prime factors of t?
2, 13
Le